a multiple of 23?
True
Does 76 divide 940161?
False
Is 399 a factor of 492797?
False
Does 7 divide 7502394?
False
Is 9 a factor of 643140?
True
Does 5 divide 5341109?
False
Is 12170 even?
True
Is 10 a factor of 2244?
False
Is 4144158 a multiple of 102?
True
Is 11872 a multiple of 56?
True
Does 696 divide 4519130?
False
Does 408 divide 2372520?
True
Does 31 divide 49724?
True
Is 112 a factor of 600208?
True
Is 122 a factor of 1674328?
True
Is 26 a factor of 77116?
True
Is 163 a factor of 373759?
True
Is 143116 a multiple of 74?
True
Does 18 divide 21222?
True
Does 23 divide 177401?
False
Is 44 a factor of 2731124?
True
Is 195 a factor of 173940?
True
Is 59 a factor of 1513055?
True
Is 6579060 a multiple of 141?
True
Is 274037 a multiple of 12?
False
Is 969046 a multiple of 13?
True
Is 211674 a multiple of 2?
True
Does 100 divide 305300?
True
Is 71 a factor of 748979?
True
Is 41927 even?
False
Is 12288 a multiple of 28?
False
Is 377520 a multiple of 60?
True
Does 3 divide 88479?
True
Is 31 a factor of 42607?
False
Does 31 divide 859806?
False
Does 57 divide 557688?
True
Is 213534 a multiple of 24?
False
Is 1043448 a multiple of 28?
True
Is 543609 a multiple of 51?
True
Does 11 divide 111864?
False
Is 239157 a multiple of 6?
False
Does 68 divide 943568?
True
Does 171 divide 88579?
False
Does 18 divide 1072867?
False
Does 62 divide 31198?
False
Is 1400965 a multiple of 40?
False
Does 363 divide 1535853?
True
Is 669 a factor of 3246657?
True
Is 445 a factor of 535056?
False
Is 45584 a multiple of 28?
True
Does 10 divide 1717433?
False
Is 23 a factor of 288779?
False
Does 30 divide 7052251?
False
Does 331 divide 15912?
False
Is 31 a factor of 117087?
True
Does 1231 divide 2978287?
False
Is 603941 a multiple of 602?
False
Is 242 a factor of 10835251?
False
Does 7 divide 405407?
False
Is 1048278 a multiple of 231?
True
Is 7181 a multiple of 16?
False
Is 9 a factor of 34183?
False
Is 196 a factor of 1754984?
True
Does 50 divide 295850?
True
Does 12 divide 1180368?
True
Is 224387 a multiple of 6?
False
Is 11 a factor of 1829256?
True
Is 952358 a multiple of 22?
True
Is 8 a factor of 157861?
False
Is 152760 a multiple of 57?
True
Is 252434 a multiple of 14?
True
Is 1901354 a multiple of 154?
False
Does 190 divide 154751?
False
Does 39 divide 295191?
True
Does 260 divide 32514?
False
Is 458 a factor of 47632?
True
Is 321 a factor of 14019354?
True
Does 724 divide 200784?
False
Does 64 divide 2188057?
False
Is 1414696 a multiple of 105?
False
Does 671 divide 16050233?
False
Is 702 a factor of 602490?
False
Is 30204 a multiple of 12?
True
Is 1507014 a multiple of 174?
True
Does 4 divide 1219310?
False
Does 28 divide 429520?
True
Is 7822272 a multiple of 18?
False
Is 480 a factor of 67965?
False
Is 217255 a multiple of 5?
True
Is 6140808 a multiple of 1972?
True
Does 2702 divide 4382644?
True
Does 10 divide 6510300?
True
Is 174 a factor of 34628?
False
Is 2393532 a multiple of 17?
True
Does 222 divide 105040?
False
Is 3755841 a multiple of 47?
False
Is 353636 a multiple of 14?
False
Is 189679 a multiple of 365?
False
Does 63 divide 394679?
False
Does 723 divide 24510848?
False
Is 37784 a multiple of 30?
False
Does 215 divide 623715?
True
Is 773164 a multiple of 212?
True
Does 35 divide 4858034?
False
Is 135466 a multiple of 246?
False
Is 24 a factor of 33696?
True
Is 2555150 a multiple of 325?
True
Is 130017 a multiple of 19?
True
Is 9 a factor of 712440?
True
Is 152 a factor of 3486808?
False
Does 185 divide 2860702?
False
Is 46 a factor of 217166?
True
Does 412 divide 413236?
True
Is 4204675 a multiple of 87?
False
Does 40 divide 861240?
True
Is 2876157 a multiple of 397?
False
Is 173 a factor of 163312?
True
Is 138 a factor of 103522?
False
Is 58240 a multiple of 65?
True
Is 20 a factor of 1156072?
False
Is 55 a factor of 773685?
True
Is 197 a factor of 3070442?
True
Is 26 a factor of 585052?
True
Does 16 divide 117440?
True
Does 207 divide 282243?
False
Is 4762380 a multiple of 105?
True
Does 310 divide 1725773?
False
Is 261806 even?
True
Is 14 a factor of 1266977?
False
Is 89 a factor of 1178983?
True
Is 66 a factor of 174712?
False
Is 125898 a multiple of 6?
True
Is 24 a factor of 428827?
False
Is 460 a factor of 2572780?
True
Does 10 divide 6617441?
False
Does 339 divide 137295?
True
Does 448 divide 274157?
False
Does 761 divide 576838?
True
Is 1020 a factor of 480462?
False
Does 20 divide 6484780?
True
Is 1269650 a multiple of 25?
True
Does 5 divide 140615?
True
Is 8677526 a multiple of 22?
True
Is 183759 a multiple of 34?
False
Is 339 a factor of 105768?
True
Is 165376 a multiple of 8?
True
Is 200818 a multiple of 82?
True
Is 16 a factor of 538752?
True
Is 2416294 a multiple of 2?
True
Is 902321 a multiple of 145?
False
Is 13 a factor of 680004?
True
Is 422352 a multiple of 56?
True
Is 120178 a multiple of 56?
False
Is 5138539 a multiple of 15?
False
Is 11 a factor of 79033?
False
Is 2217 a factor of 6177091?
False
Is 2693 a multiple of 4?
False
Is 68603 a multiple of 5?
False
Is 14 a factor of 25315458?
True
Is 20 a factor of 30807?
False
Is 9 a factor of 14341212?
True
Does 30 divide 359791?
False
Is 231851 a multiple of 230?
False
Does 51 divide 41310?
True
Does 9 divide 116096?
False
Is 4743774 a multiple of 21?
True
Is 4953 a multiple of 13?
True
Is 13 a factor of 69446?
True
Does 14 divide 361684?
False
Is 5 a factor of 5518912?
False
Is 8853366 a multiple of 29?
False
Does 8 divide 483152?
True
Does 512 divide 6835520?
False
Is 121 a factor of 2585153?
False
Is 1434381 a multiple of 4?
False
Is 342 a factor of 872442?
True
Is 249762 a multiple of 99?
False
Does 31 divide 423665?
False
Does 12 divide 91767?
False
Is 18 a factor of 241237?
False
Is 1494064 a multiple of 52?
True
Is 4 a factor of 5872?
True
Is 19939920 a multiple of 429?
True
Is 12 a factor of 1202820?
True
Does 25 divide 2840?
False
Does 205 divide 4564205?
False
Is 96 a factor of 250464?
True
Does 482 divide 1915020?
False
Is 1946 a factor of 10813922?
True
Is 14500415 a multiple of 16?
False
Is 85 a factor of 2355721?
False
Is 9 a factor of 265392?
True
Does 5 divide 230?
True
Is 103656 a multiple of 21?
True
Is 5471349 a multiple of 39?
True
Is 18529996 a multiple of 46?
True
Does 61 divide 24034?
True
Does 554 divide 2865288?
True
Is 1853318 a multiple of 1588?
False
Is 10 a factor of 117136?
False
Is 3 a factor of 117823?
False
Is 250 a factor of 3951500?
True
Does 8 divide 218792?
True
Is 1378796 a multiple of 4?
True
Is 2702084 a multiple of 124?
True
Is 1531173 a multiple of 119?
True
Is 6 a factor of 342005?
False
Does 38 divide 2009415?
False
Does 8 divide 17992?
True
Does 245 divide 872935?
True
Is 3636281 a multiple of 5?
False
Does 101 divide 280780?
True
Is 177 a factor of 131527?
False
Does 65 divide 2285636?
False
Is 131904 a multiple of 72?
True
Does 42 divide 11987807?
False
Does 10 divide 57255?
False
Does 20 divide 7189495?
False
Is 80 a factor of 193280?
True
Is 422 a factor of 212788?
False
Is 25392 a multiple of 82?
False
Is 528034 a multiple of 16?
False
Is 6896 a multiple of 2?
True
Is 417929 a multiple of 2?
False
Is 28 a factor of 3392060?
True
Is 129 a factor of 314195?
False
Is 10 a factor of 1763640?
True
Is 7 a factor of 4522808?
False
Is 3428304 a multiple of 688?
True
Does 118 divide 2836951?
False
Does 22 divide 14759140?
True
Is 33 a factor of 9373638?
False
Is 549559 a multiple of 272?
False
Is 14 a factor of 123641?
False
Is 186643 a multiple of 85?
False
Does 34 divide 332315?
False
Does 202 divide 121740?
False
Is 36648 a multiple of 72?
True
Does 28 divide 76244?
True
Is 626392 a multiple of 152?
True
Does 116 divide 146165?
False
Is 131 a factor of 822418?
True
Is 58 a factor of 761441?
False
Is 128 a factor of 7096448?
True
Does 84 divide 20792911?
False
Is 69 a factor of 12756168?
True
Is 69223 a multiple of 16?
False
Is 124577 a multiple of 73?
False
Does 42 divide 34398?
True
Does 334 divide 649119?
False
Is 171 a factor of 1534272?
False
Is 143 a factor of 3298923?
False
Is 205 a factor of 508195?
True
Is 176 a factor of 134169?
False
Is 588170 a multiple of 11?
True
Does 60 divide 354780?
True
Is 101 a factor of 968087?
False
Is 30778 a multiple of 22?
True
Is 258 a factor of 438084?
True
Does 60 divide 2546640?
True
Is 113277